Last updated on 2024-06-27 01:55:27 CEST.
Flavor | Version | Tinstall | Tcheck | Ttotal | Status | Flags |
---|---|---|---|---|---|---|
r-devel-linux-x86_64-debian-clang | 2.0.0 | NOTE | ||||
r-devel-linux-x86_64-debian-gcc | 2.0.0 | 34.08 | 74.67 | 108.75 | NOTE | |
r-devel-linux-x86_64-fedora-clang | 2.0.0 | 185.84 | NOTE | |||
r-devel-linux-x86_64-fedora-gcc | 2.0.0 | 218.48 | NOTE | |||
r-devel-windows-x86_64 | 2.0.0 | 38.00 | 86.00 | 124.00 | NOTE | |
r-patched-linux-x86_64 | 2.0.0 | 40.03 | 101.53 | 141.56 | OK | |
r-release-linux-x86_64 | 2.0.0 | 41.18 | 102.54 | 143.72 | OK | |
r-release-macos-arm64 | 2.0.0 | 51.00 | OK | |||
r-release-macos-x86_64 | 2.0.0 | 90.00 | OK | |||
r-release-windows-x86_64 | 2.0.0 | 39.00 | 88.00 | 127.00 | OK | |
r-oldrel-macos-arm64 | 2.0.0 | 70.00 | OK | |||
r-oldrel-macos-x86_64 | 2.0.0 | 169.00 | OK | |||
r-oldrel-windows-x86_64 | 2.0.0 | 47.00 | 107.00 | 154.00 | OK |
Version: 2.0.0
Check: compiled code
Result: NOTE
File ‘RFCCA/libs/RFCCA.so’:
Found non-API call to R: ‘STRING_PTR’
Compiled code should not call non-API entry points in R.
See ‘Writing portable packages’ in the ‘Writing R Extensions’ manual.
Flavors: r-devel-linux-x86_64-debian-clang, r-devel-linux-x86_64-debian-gcc, r-devel-linux-x86_64-fedora-clang, r-devel-linux-x86_64-fedora-gcc
Version: 2.0.0
Check: compiled code
Result: NOTE
File 'RFCCA/libs/x64/RFCCA.dll':
Found non-API call to R: 'STRING_PTR'
Compiled code should not call non-API entry points in R.
See 'Writing portable packages' in the 'Writing R Extensions' manual.
Flavor: r-devel-windows-x86_64