Last updated on 2024-07-03 01:49:14 CEST.
Flavor | Version | Tinstall | Tcheck | Ttotal | Status | Flags |
---|---|---|---|---|---|---|
r-devel-linux-x86_64-debian-clang | 2.4.9 | 37.08 | 302.28 | 339.36 | NOTE | |
r-devel-linux-x86_64-debian-gcc | 2.4.9 | 26.98 | 220.50 | 247.48 | NOTE | |
r-devel-linux-x86_64-fedora-clang | 2.4.9 | 450.98 | NOTE | |||
r-devel-linux-x86_64-fedora-gcc | 2.4.9 | 420.87 | NOTE | |||
r-devel-windows-x86_64 | 2.4.9 | 33.00 | 274.00 | 307.00 | NOTE | |
r-patched-linux-x86_64 | 2.4.9 | 24.30 | 286.41 | 310.71 | NOTE | |
r-release-linux-x86_64 | 2.4.9 | 34.18 | 290.91 | 325.09 | NOTE | |
r-release-macos-arm64 | 2.4.9 | 108.00 | NOTE | |||
r-release-macos-x86_64 | 2.4.9 | 185.00 | NOTE | |||
r-release-windows-x86_64 | 2.4.9 | 33.00 | 275.00 | 308.00 | NOTE | |
r-oldrel-macos-arm64 | 2.4.9 | 112.00 | OK | |||
r-oldrel-macos-x86_64 | 2.4.9 | 189.00 | OK | |||
r-oldrel-windows-x86_64 | 2.4.9 | 42.00 | 342.00 | 384.00 | OK |
Version: 2.4.9
Check: Rd files
Result: NOTE
checkRd: (-1) REndo.Rd:19: Lost braces in \itemize; meant \describe ?
checkRd: (-1) REndo.Rd:20: Lost braces in \itemize; meant \describe ?
checkRd: (-1) REndo.Rd:21: Lost braces in \itemize; meant \describe ?
checkRd: (-1) REndo.Rd:22: Lost braces in \itemize; meant \describe ?
checkRd: (-1) REndo.Rd:23: Lost braces in \itemize; meant \describe ?
Flavors: r-devel-linux-x86_64-debian-clang, r-devel-linux-x86_64-debian-gcc, r-devel-linux-x86_64-fedora-clang, r-devel-linux-x86_64-fedora-gcc, r-devel-windows-x86_64, r-patched-linux-x86_64, r-release-linux-x86_64, r-release-macos-arm64, r-release-macos-x86_64, r-release-windows-x86_64
Version: 2.4.9
Check: compiled code
Result: NOTE
File ‘REndo/libs/REndo.so’:
Found non-API call to R: ‘STRING_PTR’
Compiled code should not call non-API entry points in R.
See ‘Writing portable packages’ in the ‘Writing R Extensions’ manual.
See section ‘Moving into C API compliance’ in the ‘Writing R
Extensions’ manual for issues with use of non-API entry points.
Flavors: r-devel-linux-x86_64-debian-clang, r-devel-linux-x86_64-debian-gcc
Version: 2.4.9
Check: compiled code
Result: NOTE
File ‘REndo/libs/REndo.so’:
Found non-API call to R: ‘STRING_PTR’
Compiled code should not call non-API entry points in R.
See ‘Writing portable packages’ in the ‘Writing R Extensions’ manual,
and section ‘Moving into C API compliance’ for issues with the use of
non-API entry points.
Flavors: r-devel-linux-x86_64-fedora-clang, r-devel-linux-x86_64-fedora-gcc
Version: 2.4.9
Check: compiled code
Result: NOTE
File 'REndo/libs/x64/REndo.dll':
Found non-API call to R: 'STRING_PTR'
Compiled code should not call non-API entry points in R.
See 'Writing portable packages' in the 'Writing R Extensions' manual.
See section 'Moving into C API compliance' in the 'Writing R
Extensions' manual for issues with use of non-API entry points.
Flavor: r-devel-windows-x86_64