Last updated on 2024-06-27 01:55:26 CEST.
Flavor | Version | Tinstall | Tcheck | Ttotal | Status | Flags |
---|---|---|---|---|---|---|
r-devel-linux-x86_64-debian-clang | 1.0 | NOTE | ||||
r-devel-linux-x86_64-debian-gcc | 1.0 | 31.70 | 51.03 | 82.73 | NOTE | |
r-devel-linux-x86_64-fedora-clang | 1.0 | 145.44 | NOTE | |||
r-devel-linux-x86_64-fedora-gcc | 1.0 | 135.37 | NOTE | |||
r-devel-windows-x86_64 | 1.0 | 30.00 | 73.00 | 103.00 | NOTE | |
r-patched-linux-x86_64 | 1.0 | 44.06 | 64.21 | 108.27 | NOTE | |
r-release-linux-x86_64 | 1.0 | 35.81 | 63.79 | 99.60 | NOTE | |
r-release-macos-arm64 | 1.0 | 37.00 | NOTE | |||
r-release-macos-x86_64 | 1.0 | 59.00 | NOTE | |||
r-release-windows-x86_64 | 1.0 | 30.00 | 75.00 | 105.00 | NOTE | |
r-oldrel-macos-arm64 | 1.0 | 39.00 | NOTE | |||
r-oldrel-macos-x86_64 | 1.0 | 67.00 | NOTE | |||
r-oldrel-windows-x86_64 | 1.0 | 40.00 | 90.00 | 130.00 | NOTE |
Version: 1.0
Check: LazyData
Result: NOTE
'LazyData' is specified without a 'data' directory
Flavors: r-devel-linux-x86_64-debian-clang, r-devel-linux-x86_64-debian-gcc, r-devel-linux-x86_64-fedora-clang, r-devel-linux-x86_64-fedora-gcc, r-devel-windows-x86_64, r-patched-linux-x86_64, r-release-linux-x86_64, r-release-macos-arm64, r-release-macos-x86_64, r-release-windows-x86_64, r-oldrel-macos-arm64, r-oldrel-macos-x86_64, r-oldrel-windows-x86_64