Last updated on 2024-07-01 01:49:09 CEST.
Flavor | Version | Tinstall | Tcheck | Ttotal | Status | Flags |
---|---|---|---|---|---|---|
r-devel-linux-x86_64-debian-clang | 3.2-3.2.1 | 5.31 | 49.68 | 54.99 | NOTE | |
r-devel-linux-x86_64-debian-gcc | 3.2-3.2.1 | 2.84 | 38.16 | 41.00 | NOTE | |
r-devel-linux-x86_64-fedora-clang | 3.2-3.2.1 | 69.88 | NOTE | |||
r-devel-linux-x86_64-fedora-gcc | 3.2-3.2.1 | 77.99 | NOTE | |||
r-devel-windows-x86_64 | 3.2-3.2.1 | 5.00 | 79.00 | 84.00 | NOTE | |
r-patched-linux-x86_64 | 3.2-3.2.1 | 5.87 | 48.09 | 53.96 | NOTE | |
r-release-linux-x86_64 | 3.2-3.2.1 | 4.03 | 48.90 | 52.93 | NOTE | |
r-release-macos-arm64 | 3.2-3.2.1 | 30.00 | NOTE | |||
r-release-macos-x86_64 | 3.2-3.2.1 | 49.00 | NOTE | |||
r-release-windows-x86_64 | 3.2-3.2.1 | 6.00 | 79.00 | 85.00 | NOTE | |
r-oldrel-macos-arm64 | 3.2-3.2.1 | 31.00 | OK | |||
r-oldrel-macos-x86_64 | 3.2-3.2.1 | 46.00 | OK | |||
r-oldrel-windows-x86_64 | 3.2-3.2.1 | 5.00 | 74.00 | 79.00 | OK |
Version: 3.2-3.2.1
Check: R code for possible problems
Result: NOTE
Found the following calls to attach():
File ‘R2OpenBUGS/R/attach.all.R’:
attach(x, name = name)
See section ‘Good practice’ in ‘?attach’.
Flavors: r-devel-linux-x86_64-debian-clang, r-devel-linux-x86_64-debian-gcc, r-patched-linux-x86_64, r-release-linux-x86_64
Version: 3.2-3.2.1
Check: Rd files
Result: NOTE
checkRd: (-1) bugs.Rd:158: Lost braces in \itemize; meant \describe ?
checkRd: (-1) bugs.Rd:163: Lost braces in \itemize; meant \describe ?
checkRd: (-1) bugs.Rd:164: Lost braces in \itemize; meant \describe ?
checkRd: (-1) bugs.Rd:166: Lost braces in \itemize; meant \describe ?
Flavors: r-devel-linux-x86_64-debian-clang, r-devel-linux-x86_64-debian-gcc, r-devel-linux-x86_64-fedora-clang, r-devel-linux-x86_64-fedora-gcc, r-devel-windows-x86_64, r-patched-linux-x86_64, r-release-linux-x86_64, r-release-macos-arm64, r-release-macos-x86_64, r-release-windows-x86_64