Last updated on 2024-06-27 01:55:24 CEST.
Flavor | Version | Tinstall | Tcheck | Ttotal | Status | Flags |
---|---|---|---|---|---|---|
r-devel-linux-x86_64-debian-clang | 1.0.0 | OK | ||||
r-devel-linux-x86_64-debian-gcc | 1.0.0 | 6.64 | 86.64 | 93.28 | OK | |
r-devel-linux-x86_64-fedora-clang | 1.0.0 | 155.79 | NOTE | |||
r-devel-linux-x86_64-fedora-gcc | 1.0.0 | 162.38 | NOTE | |||
r-devel-windows-x86_64 | 1.0.0 | 8.00 | 101.00 | 109.00 | OK | |
r-patched-linux-x86_64 | 1.0.0 | 6.34 | 111.20 | 117.54 | OK | |
r-release-linux-x86_64 | 1.0.0 | 6.15 | 111.88 | 118.03 | OK | |
r-release-macos-arm64 | 1.0.0 | 50.00 | OK | |||
r-release-macos-x86_64 | 1.0.0 | 82.00 | OK | |||
r-release-windows-x86_64 | 1.0.0 | 8.00 | 104.00 | 112.00 | OK | |
r-oldrel-macos-arm64 | 1.0.0 | 57.00 | OK | |||
r-oldrel-macos-x86_64 | 1.0.0 | 88.00 | OK | |||
r-oldrel-windows-x86_64 | 1.0.0 | 10.00 | 126.00 | 136.00 | OK |
Version: 1.0.0
Check: dependencies in R code
Result: NOTE
Namespace in Imports field not imported from: ‘survival’
All declared Imports should be used.
Flavors: r-devel-linux-x86_64-fedora-clang, r-devel-linux-x86_64-fedora-gcc