Last updated on 2024-06-27 01:55:23 CEST.
Flavor | Version | Tinstall | Tcheck | Ttotal | Status | Flags |
---|---|---|---|---|---|---|
r-devel-linux-x86_64-debian-clang | 0.4 | OK | ||||
r-devel-linux-x86_64-debian-gcc | 0.4 | 10.43 | 88.48 | 98.91 | OK | |
r-devel-linux-x86_64-fedora-clang | 0.4 | 178.42 | NOTE | |||
r-devel-linux-x86_64-fedora-gcc | 0.4 | 179.00 | NOTE | |||
r-devel-windows-x86_64 | 0.4 | 16.00 | 141.00 | 157.00 | OK | |
r-patched-linux-x86_64 | 0.4 | 8.65 | 115.54 | 124.19 | OK | |
r-release-linux-x86_64 | 0.4 | 8.41 | 117.06 | 125.47 | OK | |
r-release-macos-arm64 | 0.4 | 67.00 | OK | |||
r-release-macos-x86_64 | 0.4 | 87.00 | OK | |||
r-release-windows-x86_64 | 0.4 | 17.00 | 123.00 | 140.00 | OK | |
r-oldrel-macos-arm64 | 0.4 | 71.00 | OK | |||
r-oldrel-macos-x86_64 | 0.4 | 158.00 | OK | |||
r-oldrel-windows-x86_64 | 0.4 | 20.00 | 148.00 | 168.00 | OK |
Version: 0.4
Check: data for non-ASCII characters
Result: NOTE
Note: found 21 marked UTF-8 strings
Flavors: r-devel-linux-x86_64-fedora-clang, r-devel-linux-x86_64-fedora-gcc