Last updated on 2024-06-18 01:50:20 CEST.
Flavor | Version | Tinstall | Tcheck | Ttotal | Status | Flags |
---|---|---|---|---|---|---|
r-devel-linux-x86_64-debian-clang | 0.0.6 | 5.05 | 120.14 | 125.19 | NOTE | |
r-devel-linux-x86_64-debian-gcc | 0.0.6 | 2.93 | 97.22 | 100.15 | NOTE | |
r-devel-linux-x86_64-fedora-clang | 0.0.6 | 168.70 | NOTE | |||
r-devel-linux-x86_64-fedora-gcc | 0.0.6 | 176.77 | NOTE | |||
r-devel-windows-x86_64 | 0.0.6 | 4.00 | 79.00 | 83.00 | NOTE | |
r-patched-linux-x86_64 | 0.0.6 | 5.68 | 120.51 | 126.19 | NOTE | |
r-release-linux-x86_64 | 0.0.6 | 4.15 | 118.09 | 122.24 | NOTE | |
r-release-macos-arm64 | 0.0.6 | 35.00 | NOTE | |||
r-release-macos-x86_64 | 0.0.6 | 56.00 | NOTE | |||
r-release-windows-x86_64 | 0.0.6 | 4.00 | 80.00 | 84.00 | NOTE | |
r-oldrel-macos-arm64 | 0.0.6 | 33.00 | OK | |||
r-oldrel-macos-x86_64 | 0.0.6 | 55.00 | OK | |||
r-oldrel-windows-x86_64 | 0.0.6 | 5.00 | 84.00 | 89.00 | OK |
Version: 0.0.6
Check: Rd files
Result: NOTE
checkRd: (-1) rc.plot.ideogram.Rd:20: Lost braces; missing escapes or markup?
20 | \item{las}{numeric in {0,1,2,3}; the style of chromosome labels. 0, always parallel to the track [default]; 1, always horizontal; 2, always perpendicular to the track; 3, always vertical.}
| ^
Flavors: r-devel-linux-x86_64-debian-clang, r-devel-linux-x86_64-debian-gcc, r-devel-linux-x86_64-fedora-clang, r-devel-linux-x86_64-fedora-gcc, r-devel-windows-x86_64, r-patched-linux-x86_64, r-release-linux-x86_64, r-release-macos-arm64, r-release-macos-x86_64, r-release-windows-x86_64