Last updated on 2024-06-27 01:55:21 CEST.
Flavor | Version | Tinstall | Tcheck | Ttotal | Status | Flags |
---|---|---|---|---|---|---|
r-devel-linux-x86_64-debian-clang | 1.7-0 | OK | ||||
r-devel-linux-x86_64-debian-gcc | 1.7-0 | 352.77 | 116.54 | 469.31 | OK | |
r-devel-linux-x86_64-fedora-clang | 1.7-0 | 1069.06 | NOTE | |||
r-devel-linux-x86_64-fedora-gcc | 1.7-0 | 944.76 | OK | |||
r-devel-windows-x86_64 | 1.7-0 | 326.00 | 161.00 | 487.00 | OK | |
r-patched-linux-x86_64 | 1.7-0 | 422.78 | 148.96 | 571.74 | OK | |
r-release-linux-x86_64 | 1.7-0 | 415.83 | 149.73 | 565.56 | OK | |
r-release-macos-arm64 | 1.7-0 | 220.00 | NOTE | |||
r-release-macos-x86_64 | 1.7-0 | 209.00 | NOTE | |||
r-release-windows-x86_64 | 1.7-0 | 341.00 | 168.00 | 509.00 | OK | |
r-oldrel-macos-arm64 | 1.7-0 | 227.00 | NOTE | |||
r-oldrel-macos-x86_64 | 1.7-0 | 253.00 | NOTE | |||
r-oldrel-windows-x86_64 | 1.7-0 | 400.00 | 202.00 | 602.00 | OK |
Version: 1.7-0
Check: installed package size
Result: NOTE
installed size is 6.8Mb
sub-directories of 1Mb or more:
libs 5.7Mb
Flavors: r-devel-linux-x86_64-fedora-clang, r-release-macos-arm64, r-release-macos-x86_64, r-oldrel-macos-arm64, r-oldrel-macos-x86_64