Last updated on 2024-06-16 01:49:30 CEST.
Flavor | Version | Tinstall | Tcheck | Ttotal | Status | Flags |
---|---|---|---|---|---|---|
r-devel-linux-x86_64-debian-clang | 16.1.6 | 54.70 | 336.56 | 391.26 | NOTE | |
r-devel-linux-x86_64-debian-gcc | 16.1.6 | 39.82 | 237.30 | 277.12 | NOTE | |
r-devel-linux-x86_64-fedora-clang | 16.1.6 | 466.24 | NOTE | |||
r-devel-linux-x86_64-fedora-gcc | 16.1.6 | 451.78 | NOTE | |||
r-devel-windows-x86_64 | 16.1.6 | 41.00 | 313.00 | 354.00 | NOTE | |
r-patched-linux-x86_64 | 16.1.6 | 63.08 | 307.89 | 370.97 | NOTE | |
r-release-linux-x86_64 | 16.1.6 | 49.35 | 308.96 | 358.31 | NOTE | |
r-release-macos-arm64 | 16.1.6 | 97.00 | NOTE | |||
r-release-macos-x86_64 | 16.1.6 | 180.00 | NOTE | |||
r-release-windows-x86_64 | 16.1.6 | 40.00 | 309.00 | 349.00 | NOTE | |
r-oldrel-macos-arm64 | 16.1.6 | 114.00 | NOTE | |||
r-oldrel-macos-x86_64 | 16.1.6 | 207.00 | NOTE | |||
r-oldrel-windows-x86_64 | 16.1.6 | 52.00 | 334.00 | 386.00 | NOTE |
Version: 16.1.6
Check: Rd files
Result: NOTE
checkRd: (-1) LML.Rd:43: Lost braces
43 | is specified only with the \code{GD}, code{HME}, or \code{NSIS}
| ^
checkRd: (-1) LaplaceApproximation.Rd:485: Escaped LaTeX specials: \&
checkRd: (-1) LossMatrix.Rd:115: Escaped LaTeX specials: \&
checkRd: (-1) LossMatrix.Rd:117: Escaped LaTeX specials: \&
checkRd: (-1) MISS.Rd:106: Lost braces
106 | code{Fit$Imp}. In the presence of numerous missing values, say more
| ^
checkRd: (-1) Matrices.Rd:316: Lost braces
316 | Gauss-Hermite quadrature rules. A grid of order eqn{K} provides an
| ^
checkRd: (-1) PMC.Rd:214: Lost braces
214 | item{nu}{This is the degrees of freedom parameter \eqn{\nu}{nu} for
| ^
checkRd: (-1) PMC.Rd:214-215: Lost braces
214 | item{nu}{This is the degrees of freedom parameter \eqn{\nu}{nu} for
| ^
checkRd: (-1) caterpillar.plot.Rd:15: Lost braces
15 | code{demonoid.hpc}, \code{iterquad}, \code{laplace}, \code{pmc},
| ^
Flavors: r-devel-linux-x86_64-debian-clang, r-devel-linux-x86_64-debian-gcc, r-devel-linux-x86_64-fedora-clang, r-devel-linux-x86_64-fedora-gcc, r-devel-windows-x86_64, r-patched-linux-x86_64, r-release-linux-x86_64, r-release-macos-arm64, r-release-macos-x86_64, r-release-windows-x86_64
Version: 16.1.6
Check: installed package size
Result: NOTE
installed size is 5.4Mb
sub-directories of 1Mb or more:
R 2.1Mb
doc 1.7Mb
help 1.1Mb
Flavors: r-release-macos-arm64, r-release-macos-x86_64, r-oldrel-macos-arm64, r-oldrel-macos-x86_64
Version: 16.1.6
Check: Rd files
Result: NOTE
checkRd: (-1) LaplaceApproximation.Rd:485: Escaped LaTeX specials: \&
checkRd: (-1) LossMatrix.Rd:115: Escaped LaTeX specials: \&
checkRd: (-1) LossMatrix.Rd:117: Escaped LaTeX specials: \&
Flavors: r-oldrel-macos-arm64, r-oldrel-macos-x86_64, r-oldrel-windows-x86_64