Last updated on 2024-06-16 01:49:30 CEST.
Flavor | Version | Tinstall | Tcheck | Ttotal | Status | Flags |
---|---|---|---|---|---|---|
r-devel-linux-x86_64-debian-clang | 0.8-85 | 178.88 | 263.01 | 441.89 | NOTE | |
r-devel-linux-x86_64-debian-gcc | 0.8-85 | 130.28 | 185.70 | 315.98 | NOTE | |
r-devel-linux-x86_64-fedora-clang | 0.8-85 | 580.07 | NOTE | |||
r-devel-linux-x86_64-fedora-gcc | 0.8-85 | 566.09 | NOTE | |||
r-devel-windows-x86_64 | 0.8-85 | 122.00 | 192.00 | 314.00 | NOTE | |
r-patched-linux-x86_64 | 0.8-85 | 114.24 | 255.40 | 369.64 | NOTE | |
r-release-linux-x86_64 | 0.8-85 | 113.44 | 246.74 | 360.18 | NOTE | |
r-release-macos-arm64 | 0.8-85 | 112.00 | NOTE | |||
r-release-macos-x86_64 | 0.8-85 | 159.00 | NOTE | |||
r-release-windows-x86_64 | 0.8-85 | 130.00 | 200.00 | 330.00 | NOTE | |
r-oldrel-macos-arm64 | 0.8-85 | 122.00 | NOTE | |||
r-oldrel-macos-x86_64 | 0.8-85 | 207.00 | NOTE | |||
r-oldrel-windows-x86_64 | 0.8-85 | 158.00 | 242.00 | 400.00 | NOTE |
Version: 0.8-85
Check: C++ specification
Result: NOTE
Specified C++11: please drop specification unless essential
Flavors: r-devel-linux-x86_64-debian-clang, r-devel-linux-x86_64-debian-gcc, r-devel-linux-x86_64-fedora-clang, r-devel-linux-x86_64-fedora-gcc, r-devel-windows-x86_64, r-patched-linux-x86_64, r-release-linux-x86_64, r-release-macos-arm64, r-release-macos-x86_64, r-release-windows-x86_64, r-oldrel-macos-arm64, r-oldrel-macos-x86_64, r-oldrel-windows-x86_64
Version: 0.8-85
Check: installed package size
Result: NOTE
installed size is 8.3Mb
sub-directories of 1Mb or more:
libs 7.2Mb
Flavors: r-release-macos-arm64, r-release-macos-x86_64, r-oldrel-macos-arm64, r-oldrel-macos-x86_64