Last updated on 2024-06-27 01:55:19 CEST.
Flavor | Version | Tinstall | Tcheck | Ttotal | Status | Flags |
---|---|---|---|---|---|---|
r-devel-linux-x86_64-debian-clang | 1.1.21 | OK | ||||
r-devel-linux-x86_64-debian-gcc | 1.1.21 | 6.31 | 45.80 | 52.11 | OK | |
r-devel-linux-x86_64-fedora-clang | 1.1.21 | 90.16 | NOTE | |||
r-devel-linux-x86_64-fedora-gcc | 1.1.21 | 84.49 | OK | |||
r-devel-windows-x86_64 | 1.1.21 | 9.00 | 71.00 | 80.00 | OK | |
r-patched-linux-x86_64 | 1.1.21 | 9.27 | 59.68 | 68.95 | OK | |
r-release-linux-x86_64 | 1.1.21 | 6.80 | 62.29 | 69.09 | OK | |
r-release-macos-arm64 | 1.1.21 | 26.00 | OK | |||
r-release-macos-x86_64 | 1.1.21 | 48.00 | OK | |||
r-release-windows-x86_64 | 1.1.21 | 9.00 | 72.00 | 81.00 | OK | |
r-oldrel-macos-arm64 | 1.1.21 | 42.00 | OK | |||
r-oldrel-macos-x86_64 | 1.1.21 | 76.00 | OK | |||
r-oldrel-windows-x86_64 | 1.1.21 | 12.00 | 81.00 | 93.00 | OK |
Version: 1.1.21
Check: Rd cross-references
Result: NOTE
Undeclared packages ‘sfsmisc’, ‘RColorBrewer’, ‘hexbin’ in Rd xrefs
Flavor: r-devel-linux-x86_64-fedora-clang