Last updated on 2024-06-27 01:55:18 CEST.
Flavor | Version | Tinstall | Tcheck | Ttotal | Status | Flags |
---|---|---|---|---|---|---|
r-devel-linux-x86_64-debian-clang | 0.0.1 | OK | ||||
r-devel-linux-x86_64-debian-gcc | 0.0.1 | 58.03 | 31.48 | 89.51 | OK | |
r-devel-linux-x86_64-fedora-clang | 0.0.1 | 154.70 | OK | |||
r-devel-linux-x86_64-fedora-gcc | 0.0.1 | 172.30 | OK | |||
r-devel-windows-x86_64 | 0.0.1 | 57.00 | 72.00 | 129.00 | OK | |
r-patched-linux-x86_64 | 0.0.1 | 67.46 | 39.66 | 107.12 | OK | |
r-release-linux-x86_64 | 0.0.1 | 62.44 | 38.28 | 100.72 | OK | |
r-release-macos-arm64 | 0.0.1 | 41.00 | NOTE | |||
r-release-macos-x86_64 | 0.0.1 | 44.00 | NOTE | |||
r-release-windows-x86_64 | 0.0.1 | 59.00 | 75.00 | 134.00 | OK | |
r-oldrel-macos-arm64 | 0.0.1 | 38.00 | NOTE | |||
r-oldrel-macos-x86_64 | 0.0.1 | 60.00 | NOTE | |||
r-oldrel-windows-x86_64 | 0.0.1 | 71.00 | 82.00 | 153.00 | OK |
Version: 0.0.1
Check: installed package size
Result: NOTE
installed size is 17.0Mb
sub-directories of 1Mb or more:
libs 16.9Mb
Flavors: r-release-macos-arm64, r-release-macos-x86_64, r-oldrel-macos-arm64, r-oldrel-macos-x86_64