Last updated on 2024-06-27 01:55:18 CEST.
Flavor | Version | Tinstall | Tcheck | Ttotal | Status | Flags |
---|---|---|---|---|---|---|
r-devel-linux-x86_64-debian-clang | 0.99-5 | NOTE | ||||
r-devel-linux-x86_64-debian-gcc | 0.99-5 | 8.44 | 75.00 | 83.44 | NOTE | |
r-devel-linux-x86_64-fedora-clang | 0.99-5 | 142.01 | NOTE | |||
r-devel-linux-x86_64-fedora-gcc | 0.99-5 | 145.97 | NOTE | |||
r-devel-windows-x86_64 | 0.99-5 | 12.00 | 103.00 | 115.00 | NOTE | |
r-patched-linux-x86_64 | 0.99-5 | 14.09 | 98.69 | 112.78 | NOTE | |
r-release-linux-x86_64 | 0.99-5 | 10.65 | 97.73 | 108.38 | NOTE | |
r-release-macos-arm64 | 0.99-5 | 43.00 | NOTE | |||
r-release-macos-x86_64 | 0.99-5 | 81.00 | NOTE | |||
r-release-windows-x86_64 | 0.99-5 | 12.00 | 104.00 | 116.00 | NOTE | |
r-oldrel-macos-arm64 | 0.99-5 | 48.00 | OK | |||
r-oldrel-macos-x86_64 | 0.99-5 | 76.00 | OK | |||
r-oldrel-windows-x86_64 | 0.99-5 | 14.00 | 118.00 | 132.00 | OK |
Version: 0.99-5
Check: Rd files
Result: NOTE
checkRd: (-1) GNE.ceq.Rd:50: Lost braces
50 | (KKT) system denoted by \eqn{H(z)=0}, for \eqn{z \in \Omega} where eqn{z} is formed by the players strategy
| ^
checkRd: (-1) GNE.nseq.Rd:76: Lost braces
76 | (KKT) system denoted by \eqn{\Phi(z)=0}{Phi(z)=0}, where eqn{z} is formed by the players strategy
| ^
Flavors: r-devel-linux-x86_64-debian-clang, r-devel-linux-x86_64-debian-gcc, r-devel-linux-x86_64-fedora-clang, r-devel-linux-x86_64-fedora-gcc, r-devel-windows-x86_64, r-patched-linux-x86_64, r-release-linux-x86_64, r-release-macos-arm64, r-release-macos-x86_64, r-release-windows-x86_64