Last updated on 2024-06-16 01:49:27 CEST.
Flavor | Version | Tinstall | Tcheck | Ttotal | Status | Flags |
---|---|---|---|---|---|---|
r-devel-linux-x86_64-debian-clang | 0.4-1 | 11.48 | 93.74 | 105.22 | NOTE | |
r-devel-linux-x86_64-debian-gcc | 0.4-1 | 12.05 | 66.90 | 78.95 | NOTE | |
r-devel-linux-x86_64-fedora-clang | 0.4-1 | 131.10 | NOTE | |||
r-devel-linux-x86_64-fedora-gcc | 0.4-1 | 122.86 | NOTE | |||
r-devel-windows-x86_64 | 0.4-1 | 12.00 | 85.00 | 97.00 | NOTE | |
r-patched-linux-x86_64 | 0.4-1 | 12.32 | 87.50 | 99.82 | NOTE | |
r-release-linux-x86_64 | 0.4-1 | 14.27 | 84.93 | 99.20 | NOTE | |
r-release-macos-arm64 | 0.4-1 | 37.00 | NOTE | |||
r-release-macos-x86_64 | 0.4-1 | 56.00 | NOTE | |||
r-release-windows-x86_64 | 0.4-1 | 13.00 | 88.00 | 101.00 | NOTE | |
r-oldrel-macos-arm64 | 0.4-1 | 38.00 | NOTE | |||
r-oldrel-macos-x86_64 | 0.4-1 | 66.00 | NOTE | |||
r-oldrel-windows-x86_64 | 0.4-1 | 17.00 | 102.00 | 119.00 | NOTE |
Version: 0.4-1
Check: Rd files
Result: NOTE
checkRd: (-1) MultiAsset.Rd:26: Escaped LaTeX specials: \&
Flavors: r-devel-linux-x86_64-debian-clang, r-devel-linux-x86_64-debian-gcc, r-devel-linux-x86_64-fedora-clang, r-devel-linux-x86_64-fedora-gcc, r-devel-windows-x86_64, r-patched-linux-x86_64, r-release-linux-x86_64, r-release-macos-arm64, r-release-macos-x86_64, r-release-windows-x86_64, r-oldrel-macos-arm64, r-oldrel-macos-x86_64, r-oldrel-windows-x86_64