Last updated on 2024-06-27 01:55:15 CEST.
Flavor | Version | Tinstall | Tcheck | Ttotal | Status | Flags |
---|---|---|---|---|---|---|
r-devel-linux-x86_64-debian-clang | 0.1.4 | OK | ||||
r-devel-linux-x86_64-debian-gcc | 0.1.4 | 50.56 | 57.23 | 107.79 | OK | |
r-devel-linux-x86_64-fedora-clang | 0.1.4 | 197.35 | OK | |||
r-devel-linux-x86_64-fedora-gcc | 0.1.4 | 199.85 | OK | |||
r-devel-windows-x86_64 | 0.1.4 | 54.00 | 107.00 | 161.00 | OK | |
r-patched-linux-x86_64 | 0.1.4 | 58.37 | 75.71 | 134.08 | OK | |
r-release-linux-x86_64 | 0.1.4 | 63.16 | 78.67 | 141.83 | OK | |
r-release-macos-arm64 | 0.1.4 | 45.00 | NOTE | |||
r-release-macos-x86_64 | 0.1.4 | 72.00 | NOTE | |||
r-release-windows-x86_64 | 0.1.4 | 57.00 | 112.00 | 169.00 | OK | |
r-oldrel-macos-arm64 | 0.1.4 | 55.00 | NOTE | |||
r-oldrel-macos-x86_64 | 0.1.4 | 90.00 | NOTE | |||
r-oldrel-windows-x86_64 | 0.1.4 | 67.00 | 121.00 | 188.00 | OK |
Version: 0.1.4
Check: installed package size
Result: NOTE
installed size is 6.0Mb
sub-directories of 1Mb or more:
data 2.0Mb
libs 3.9Mb
Flavors: r-release-macos-arm64, r-release-macos-x86_64, r-oldrel-macos-arm64, r-oldrel-macos-x86_64