Last updated on 2024-06-27 01:55:12 CEST.
Flavor | Version | Tinstall | Tcheck | Ttotal | Status | Flags |
---|---|---|---|---|---|---|
r-devel-linux-x86_64-debian-clang | 2023.8 | OK | ||||
r-devel-linux-x86_64-debian-gcc | 2023.8 | 5.77 | 41.52 | 47.29 | OK | |
r-devel-linux-x86_64-fedora-clang | 2023.8 | 80.67 | NOTE | |||
r-devel-linux-x86_64-fedora-gcc | 2023.8 | 78.28 | NOTE | |||
r-devel-windows-x86_64 | 2023.8 | 9.00 | 60.00 | 69.00 | OK | |
r-patched-linux-x86_64 | 2023.8 | 7.08 | 52.41 | 59.49 | OK | |
r-release-linux-x86_64 | 2023.8 | 7.27 | 51.84 | 59.11 | OK | |
r-release-macos-arm64 | 2023.8 | 27.00 | OK | |||
r-release-macos-x86_64 | 2023.8 | 36.00 | OK | |||
r-release-windows-x86_64 | 2023.8 | 8.00 | 60.00 | 68.00 | OK | |
r-oldrel-macos-arm64 | 2023.8 | 28.00 | OK | |||
r-oldrel-macos-x86_64 | 2023.8 | 49.00 | OK | |||
r-oldrel-windows-x86_64 | 2023.8 | 10.00 | 71.00 | 81.00 | OK |
Version: 2023.8
Check: data for non-ASCII characters
Result: NOTE
Note: found 8119 marked UTF-8 strings
Flavors: r-devel-linux-x86_64-fedora-clang, r-devel-linux-x86_64-fedora-gcc