Last updated on 2024-06-27 01:55:11 CEST.
Flavor | Version | Tinstall | Tcheck | Ttotal | Status | Flags |
---|---|---|---|---|---|---|
r-devel-linux-x86_64-debian-clang | 1.0.1 | OK | ||||
r-devel-linux-x86_64-debian-gcc | 1.0.1 | 1.40 | 12.30 | 13.70 | OK | |
r-devel-linux-x86_64-fedora-clang | 1.0.1 | 22.25 | NOTE | |||
r-devel-linux-x86_64-fedora-gcc | 1.0.1 | 22.17 | NOTE | |||
r-devel-windows-x86_64 | 1.0.1 | 2.00 | 34.00 | 36.00 | OK | |
r-patched-linux-x86_64 | 1.0.1 | 1.86 | 15.17 | 17.03 | OK | |
r-release-linux-x86_64 | 1.0.1 | 1.43 | 15.35 | 16.78 | OK | |
r-release-macos-arm64 | 1.0.1 | 12.00 | OK | |||
r-release-macos-x86_64 | 1.0.1 | 17.00 | OK | |||
r-release-windows-x86_64 | 1.0.1 | 2.00 | 35.00 | 37.00 | OK | |
r-oldrel-macos-arm64 | 1.0.1 | 12.00 | OK | |||
r-oldrel-macos-x86_64 | 1.0.1 | 15.00 | OK | |||
r-oldrel-windows-x86_64 | 1.0.1 | 3.00 | 32.00 | 35.00 | OK |
Version: 1.0.1
Check: data for non-ASCII characters
Result: NOTE
Note: found 179 marked UTF-8 strings
Flavors: r-devel-linux-x86_64-fedora-clang, r-devel-linux-x86_64-fedora-gcc