Last updated on 2024-06-27 01:55:11 CEST.
Flavor | Version | Tinstall | Tcheck | Ttotal | Status | Flags |
---|---|---|---|---|---|---|
r-devel-linux-x86_64-debian-clang | 0.1.4 | NOTE | ||||
r-devel-linux-x86_64-debian-gcc | 0.1.4 | 30.24 | 25.52 | 55.76 | NOTE | |
r-devel-linux-x86_64-fedora-clang | 0.1.4 | 102.67 | NOTE | |||
r-devel-linux-x86_64-fedora-gcc | 0.1.4 | 105.00 | NOTE | |||
r-devel-windows-x86_64 | 0.1.4 | 32.00 | 64.00 | 96.00 | NOTE | |
r-patched-linux-x86_64 | 0.1.4 | 33.90 | 32.64 | 66.54 | NOTE | |
r-release-linux-x86_64 | 0.1.4 | 32.60 | 31.37 | 63.97 | NOTE | |
r-release-macos-arm64 | 0.1.4 | 28.00 | NOTE | |||
r-release-macos-x86_64 | 0.1.4 | 43.00 | NOTE | |||
r-release-windows-x86_64 | 0.1.4 | 33.00 | 67.00 | 100.00 | NOTE | |
r-oldrel-macos-arm64 | 0.1.4 | 30.00 | NOTE | |||
r-oldrel-macos-x86_64 | 0.1.4 | 51.00 | NOTE | |||
r-oldrel-windows-x86_64 | 0.1.4 | 40.00 | 77.00 | 117.00 | NOTE |
Version: 0.1.4
Check: C++ specification
Result: NOTE
Specified C++11: please drop specification unless essential
Flavors: r-devel-linux-x86_64-debian-clang, r-devel-linux-x86_64-debian-gcc, r-devel-linux-x86_64-fedora-clang, r-devel-linux-x86_64-fedora-gcc, r-devel-windows-x86_64, r-patched-linux-x86_64, r-release-linux-x86_64, r-release-macos-arm64, r-release-macos-x86_64, r-release-windows-x86_64, r-oldrel-macos-arm64, r-oldrel-macos-x86_64, r-oldrel-windows-x86_64
Version: 0.1.4
Check: package subdirectories
Result: NOTE
Problems with news in ‘NEWS.md’:
No news entries found.
Flavors: r-devel-linux-x86_64-debian-clang, r-devel-linux-x86_64-debian-gcc, r-devel-linux-x86_64-fedora-clang, r-devel-linux-x86_64-fedora-gcc, r-devel-windows-x86_64, r-patched-linux-x86_64, r-release-linux-x86_64, r-release-macos-arm64, r-release-macos-x86_64, r-release-windows-x86_64, r-oldrel-macos-arm64, r-oldrel-macos-x86_64, r-oldrel-windows-x86_64