Last updated on 2024-06-27 01:55:11 CEST.
Flavor | Version | Tinstall | Tcheck | Ttotal | Status | Flags |
---|---|---|---|---|---|---|
r-devel-linux-x86_64-debian-clang | 2.0.12 | OK | ||||
r-devel-linux-x86_64-debian-gcc | 2.0.12 | 8.97 | 22.05 | 31.02 | OK | |
r-devel-linux-x86_64-fedora-clang | 2.0.12 | 50.07 | NOTE | |||
r-devel-linux-x86_64-fedora-gcc | 2.0.12 | 65.48 | NOTE | |||
r-devel-windows-x86_64 | 2.0.12 | 15.00 | 53.00 | 68.00 | OK | |
r-patched-linux-x86_64 | 2.0.12 | 10.24 | 27.64 | 37.88 | OK | |
r-release-linux-x86_64 | 2.0.12 | 10.69 | 27.76 | 38.45 | OK | |
r-release-macos-arm64 | 2.0.12 | 41.00 | OK | |||
r-release-macos-x86_64 | 2.0.12 | 97.00 | OK | |||
r-release-windows-x86_64 | 2.0.12 | 19.00 | 57.00 | 76.00 | OK | |
r-oldrel-macos-arm64 | 2.0.12 | 32.00 | OK | |||
r-oldrel-macos-x86_64 | 2.0.12 | 64.00 | OK | |||
r-oldrel-windows-x86_64 | 2.0.12 | 12.00 | 39.00 | 51.00 | OK |
Version: 2.0.12
Check: compiled code
Result: NOTE
File ‘BiasedUrn/libs/BiasedUrn.so’:
Found no calls to: ‘R_registerRoutines’, ‘R_useDynamicSymbols’
It is good practice to register native routines and to disable symbol
search.
See ‘Writing portable packages’ in the ‘Writing R Extensions’ manual.
Flavors: r-devel-linux-x86_64-fedora-clang, r-devel-linux-x86_64-fedora-gcc