Last updated on 2024-06-27 01:55:11 CEST.
Flavor | Version | Tinstall | Tcheck | Ttotal | Status | Flags |
---|---|---|---|---|---|---|
r-devel-linux-x86_64-debian-clang | 1.0.4 | NOTE | ||||
r-devel-linux-x86_64-debian-gcc | 1.0.4 | 7.71 | 87.34 | 95.05 | NOTE | |
r-devel-linux-x86_64-fedora-clang | 1.0.4 | 162.01 | NOTE | |||
r-devel-linux-x86_64-fedora-gcc | 1.0.4 | 177.24 | NOTE | |||
r-devel-windows-x86_64 | 1.0.4 | 8.00 | 98.00 | 106.00 | NOTE | |
r-patched-linux-x86_64 | 1.0.4 | 11.05 | 114.26 | 125.31 | NOTE | |
r-release-linux-x86_64 | 1.0.4 | 8.38 | 116.43 | 124.81 | NOTE | |
r-release-macos-arm64 | 1.0.4 | 50.00 | NOTE | |||
r-release-macos-x86_64 | 1.0.4 | 76.00 | NOTE | |||
r-release-windows-x86_64 | 1.0.4 | 8.00 | 101.00 | 109.00 | NOTE | |
r-oldrel-macos-arm64 | 1.0.4 | 56.00 | NOTE | |||
r-oldrel-macos-x86_64 | 1.0.4 | 126.00 | NOTE | |||
r-oldrel-windows-x86_64 | 1.0.4 | 9.00 | 118.00 | 127.00 | NOTE |
Version: 1.0.4
Check: package dependencies
Result: NOTE
Packages suggested but not available for checking: 'cplexAPI', 'bestsubset'
Flavors: r-devel-linux-x86_64-debian-clang, r-devel-linux-x86_64-debian-gcc, r-devel-linux-x86_64-fedora-clang, r-devel-linux-x86_64-fedora-gcc, r-devel-windows-x86_64, r-patched-linux-x86_64, r-release-linux-x86_64, r-release-macos-arm64, r-release-macos-x86_64, r-release-windows-x86_64, r-oldrel-macos-arm64, r-oldrel-macos-x86_64, r-oldrel-windows-x86_64