Last updated on 2024-06-27 01:55:10 CEST.
Flavor | Version | Tinstall | Tcheck | Ttotal | Status | Flags |
---|---|---|---|---|---|---|
r-devel-linux-x86_64-debian-clang | 1.1.4 | OK | ||||
r-devel-linux-x86_64-debian-gcc | 1.1.4 | 59.18 | 166.79 | 225.97 | OK | |
r-devel-linux-x86_64-fedora-clang | 1.1.4 | 367.76 | OK | |||
r-devel-linux-x86_64-fedora-gcc | 1.1.4 | 354.52 | OK | |||
r-devel-windows-x86_64 | 1.1.4 | 54.00 | 166.00 | 220.00 | OK | |
r-patched-linux-x86_64 | 1.1.4 | 55.40 | 155.50 | 210.90 | OK | |
r-release-linux-x86_64 | 1.1.4 | 68.24 | 215.52 | 283.76 | OK | |
r-release-macos-arm64 | 1.1.4 | 101.00 | NOTE | |||
r-release-macos-x86_64 | 1.1.4 | 171.00 | NOTE | |||
r-release-windows-x86_64 | 1.1.4 | 56.00 | 166.00 | 222.00 | OK | |
r-oldrel-macos-arm64 | 1.1.4 | 83.00 | NOTE | |||
r-oldrel-macos-x86_64 | 1.1.4 | 120.00 | OK | |||
r-oldrel-windows-x86_64 | 1.1.4 | 64.00 | 217.00 | 281.00 | OK |
Version: 1.1.4
Check: installed package size
Result: NOTE
installed size is 5.8Mb
sub-directories of 1Mb or more:
data 5.4Mb
Flavors: r-release-macos-arm64, r-release-macos-x86_64, r-oldrel-macos-arm64